nder when 4000179 is divided by 403?
1
Calculate the remainder when 291469 is divided by 313.
66
What is the remainder when 34318 is divided by 3762?
460
What is the remainder when 3460589 is divided by 225?
89
Calculate the remainder when 11906612 is divided by 700386.
50
Calculate the remainder when 1848103 is divided by 859.
394
What is the remainder when 689196 is divided by 3627?
66
What is the remainder when 14900410 is divided by 931273?
42
Calculate the remainder when 365862215 is divided by 3247.
3243
Calculate the remainder when 38324 is divided by 4221.
335
What is the remainder when 10556483 is divided by 754033?
21
Calculate the remainder when 303950 is divided by 8202.
476
Calculate the remainder when 2895112 is divided by 170293.
131
Calculate the remainder when 4271321 is divided by 59.
16
What is the remainder when 3264318 is divided by 4534?
4372
Calculate the remainder when 15149071 is divided by 86.
85
What is the remainder when 4984781 is divided by 553864?
5
Calculate the remainder when 870433 is divided by 45811.
24
What is the remainder when 181823 is divided by 35230?
5673
What is the remainder when 4137035 is divided by 2068514?
7
Calculate the remainder when 10402779 is divided by 229.
225
What is the remainder when 606440 is divided by 10454?
108
Calculate the remainder when 3453910 is divided by 58.
10
What is the remainder when 5070298 is divided by 117?
103
Calculate the remainder when 313839 is divided by 31337.
469
Calculate the remainder when 14047329 is divided by 244.
5
Calculate the remainder when 9496840 is divided by 16.
8
Calculate the remainder when 146558531 is divided by 4741.
4739
Calculate the remainder when 491222 is divided by 917.
627
What is the remainder when 51803 is divided by 51601?
202
Calculate the remainder when 13993627 is divided by 4664542.
1
What is the remainder when 8927311 is divided by 2975732?
115
Calculate the remainder when 168630 is divided by 2503.
929
Calculate the remainder when 12416466 is divided by 1986.
1980
What is the remainder when 39339 is divided by 16680?
5979
Calculate the remainder when 734739 is divided by 73467.
69
What is the remainder when 43111006 is divided by 72?
70
What is the remainder when 90800588 is divided by 849?
38
What is the remainder when 5135904 is divided by 29?
4
What is the remainder when 168945 is divided by 3405?
2100
Calculate the remainder when 136480 is divided by 313.
12
What is the remainder when 90549 is divided by 14680?
2469
Calculate the remainder when 1291659 is divided by 13317.
13227
Calculate the remainder when 1530123 is divided by 27.
6
What is the remainder when 435797 is divided by 6?
5
Calculate the remainder when 7021961 is divided by 891.
881
Calculate the remainder when 1008328 is divided by 252071.
44
Calculate the remainder when 812904 is divided by 115.
84
What is the remainder when 11605651 is divided by 10541?
10
What is the remainder when 4489880 is divided by 362?
356
What is the remainder when 94583998 is divided by 125?
123
Calculate the remainder when 3852159 is divided by 254.
249
Calculate the remainder when 7427935 is divided by 7427934.
1
Calculate the remainder when 1463171 is divided by 26.
21
What is the remainder when 12017240 is divided by 126?
116
What is the remainder when 37530777 is divided by 1389?
1386
Calculate the remainder when 36936759 is divided by 113.
110
What is the remainder when 125586844 is divided by 17?
7
What is the remainder when 85794470 is divided by 3933?
8
Calculate the remainder when 15654653 is divided by 81.
26
What is the remainder when 8702482 is divided by 12257?
12
Calculate the remainder when 18831799 is divided by 277.
231
What is the remainder when 912972 is divided by 190?
22
What is the remainder when 229393 is divided by 3076?
1769
What is the remainder when 721940 is divided by 30079?
44
Calculate the remainder when 3311191 is divided by 690.
571
Calculate the remainder when 18538562 is divided by 44.
42
Calculate the remainder when 1241989 is divided by 621.
610
Calculate the remainder when 8421576 is divided by 1451.
1423
Calculate the remainder when 2245181 is divided by 638.
59
Calculate the remainder when 2295558 is divided by 182.
174
What is the remainder when 57252888 is divided by 1270?
18
What is the remainder when 979164 is divided by 157?
112
Calculate the remainder when 21148278 is divided by 346693.
5
Calculate the remainder when 104487967 is divided by 32.
31
Calculate the remainder when 103566655 is divided by 164.
163
What is the remainder when 11740 is divided by 1301?
31
What is the remainder when 901120 is divided by 6130?
10
What is the remainder when 604528 is divided by 242?
12
What is the remainder when 51857276 is divided by 1920?
1916
Calculate the remainder when 75395266 is divided by 15079050.
16
What is the remainder when 10487093 is divided by 129470?
23
Calculate the remainder when 189554 is divided by 6287.
944
Calculate the remainder when 318497 is divided by 159113.
271
What is the remainder when 271379 is divided by 24116?
6103
What is the remainder when 551601 is divided by 17776?
545
Calculate the remainder when 517174 is divided by 1867.
15
Calculate the remainder when 11760949 is divided by 308.
277
Calculate the remainder when 1007838 is divided by 201220.
1738
What is the remainder when 2142388 is divided by 66?
28
What is the remainder when 13572361 is divided by 19?
15
What is the remainder when 88396 is divided by 4666?
4408
What is the remainder when 437382 is divided by 318?
132
What is the remainder when 24256649 is divided by 7?
4
What is the remainder when 1013626 is divided by 32697?
19
What is the remainder when 46288338 is divided by 222?
6
Calculate the remainder when 604242903 is divided by 7.
5
What is the remainder when 18318 is divided by 173?
153
What is the remainder when 86664 is divided by 91?
32
What is the remainder when 119106 is divided by 52?
26
Calculate the remainder when 511918 is divided by 485.
243
What is the remainder when 187346 is divided by 3230?
6
Calculate the remainder when 59605 is divided by 2631.
1723
Calculate the remainder when 44231067 is divided by 14743618.
213
What is the remainder when 17482575 is divided by 6538?
6501
What is the remainder when 484295 is divided by 80?
55
Calculate the remainder when 179117235 is divided by 2.
1
Calculate the remainder when 746665 is divided by 106661.
38
Calculate the remainder when 3856987 is divided by 214277.
1
Calculate the remainder when 3966 is divided by 968.
94
Calculate the remainder when 1718414 is divided by 429592.
46
What is the remainder when 2738301 is divided by 73979?
1078
Calculate the remainder when 21862705 is divided by 329.
326
Calculate the remainder when 8172 is divided by 614.
190
Calculate the remainder when 10758193 is divided by 11034.
43
Calculate the remainder when 33048 is divided by 8259.
12
What is the remainder when 33735 is divided by 218?
163
Calculate the remainder when 6748078 is divided by 2761.
194
Calculate the remainder when 132888 is divided by 52.
28
Calculate the remainder when 954096 is divided by 3191.
3178
Calculate the remainder when 1240887 is divided by 12923.
279
What is the remainder when 1364322 is divided by 1364318?
4
Calculate the remainder when 1177984 is divided by 1177977.
7
What is the remainder when 936766 is divided by 25316?
74
Calculate the remainder when 17375205 is divided by 88199.
2
Calculate the remainder when 81117 is divided by 11286.
2115
Calculate the remainder when 65154752 is divided by 5923159.
3
Calculate the remainder when 177027 is divided by 13915.
10047
Calculate the remainder when 27348211 is divided by 9116019.
154
What is the remainder when 2188825 is divided by 469?
2
What is the remainder when 5599104 is divided by 46?
30
What is the remainder when 363459 is divided by 770?
19
What is the remainder when 13690863 is divided by 2908?
2907
Calculate the remainder when 128014 is divided by 21301.
208
Calculate the remainder when 1293555 is divided by 86237.
0
Calculate the remainder when 2908024 is divided by 1453976.
72
Calculate the remainder when 130864 is divided by 1546.
1000
What is the remainder when 5940932 is divided by 93?
92
What is the rema